{"id":213,"date":"2023-12-09T15:14:13","date_gmt":"2023-12-09T18:14:13","guid":{"rendered":"https:\/\/donfarley.com.br\/?post_type=product&#038;p=213"},"modified":"2023-12-09T15:38:41","modified_gmt":"2023-12-09T18:38:41","slug":"brasil-1995","status":"publish","type":"product","link":"https:\/\/donfarley.com.br\/?product=brasil-1995","title":{"rendered":"Brasil 1995"},"content":{"rendered":"<p>Reviva a nostalgia de um ano inesquec\u00edvel com nossa exclusiva camiseta <strong>&#8220;Don Farley BR 1995&#8221;<\/strong>. Celebre a cultura vibrante e as conquistas marcantes desse per\u00edodo ic\u00f4nico com um design que captura a ess\u00eancia da \u00e9poca. Feita com tecido de alta qualidade, esta camiseta n\u00e3o apenas homenageia o passado, mas tamb\u00e9m oferece conforto duradouro. Vista-se com orgulho, exiba seu amor pelo Brasil e carregue consigo as mem\u00f3rias desta p\u00e1tria t\u00e3o amada por todos com esta camiseta exclusiva.<\/p>\n","protected":false},"excerpt":{"rendered":"<p>Reviva a nostalgia de um ano inesquec\u00edvel com nossa exclusiva camiseta &#8220;Don Farley BR 1995&#8221;. Celebre a cultura vibrante e as conquistas marcantes desse per\u00edodo ic\u00f4nico com um design que captura a ess\u00eancia da \u00e9poca. Feita com tecido de alta qualidade, esta camiseta n\u00e3o apenas homenageia o passado, mas tamb\u00e9m oferece conforto duradouro. Vista-se com [&hellip;]<\/p>\n","protected":false},"featured_media":214,"comment_status":"open","ping_status":"closed","template":"","meta":{"om_disable_all_campaigns":false,"_monsterinsights_skip_tracking":false,"_monsterinsights_sitenote_active":false,"_monsterinsights_sitenote_note":"","_monsterinsights_sitenote_category":0},"product_brand":[],"product_cat":[34],"product_tag":[],"class_list":{"0":"post-213","1":"product","2":"type-product","3":"status-publish","4":"has-post-thumbnail","6":"product_cat-camiseta-masculina","8":"first","9":"instock","10":"taxable","11":"shipping-taxable","12":"purchasable","13":"product-type-variable"},"aioseo_notices":[],"jetpack_sharing_enabled":true,"_links":{"self":[{"href":"https:\/\/donfarley.com.br\/index.php?rest_route=\/wp\/v2\/product\/213","targetHints":{"allow":["GET"]}}],"collection":[{"href":"https:\/\/donfarley.com.br\/index.php?rest_route=\/wp\/v2\/product"}],"about":[{"href":"https:\/\/donfarley.com.br\/index.php?rest_route=\/wp\/v2\/types\/product"}],"replies":[{"embeddable":true,"href":"https:\/\/donfarley.com.br\/index.php?rest_route=%2Fwp%2Fv2%2Fcomments&post=213"}],"wp:featuredmedia":[{"embeddable":true,"href":"https:\/\/donfarley.com.br\/index.php?rest_route=\/wp\/v2\/media\/214"}],"wp:attachment":[{"href":"https:\/\/donfarley.com.br\/index.php?rest_route=%2Fwp%2Fv2%2Fmedia&parent=213"}],"wp:term":[{"taxonomy":"product_brand","embeddable":true,"href":"https:\/\/donfarley.com.br\/index.php?rest_route=%2Fwp%2Fv2%2Fproduct_brand&post=213"},{"taxonomy":"product_cat","embeddable":true,"href":"https:\/\/donfarley.com.br\/index.php?rest_route=%2Fwp%2Fv2%2Fproduct_cat&post=213"},{"taxonomy":"product_tag","embeddable":true,"href":"https:\/\/donfarley.com.br\/index.php?rest_route=%2Fwp%2Fv2%2Fproduct_tag&post=213"}],"curies":[{"name":"wp","href":"https:\/\/api.w.org\/{rel}","templated":true}]}}