{"id":280,"date":"2023-12-10T14:28:32","date_gmt":"2023-12-10T17:28:32","guid":{"rendered":"https:\/\/donfarley.com.br\/?post_type=product&#038;p=280"},"modified":"2023-12-10T14:48:03","modified_gmt":"2023-12-10T17:48:03","slug":"apenas-ser-feliz","status":"publish","type":"product","link":"https:\/\/donfarley.com.br\/?product=apenas-ser-feliz","title":{"rendered":"Apenas Ser Feliz"},"content":{"rendered":"<p>Envolva-se na exuber\u00e2ncia da alegria cotidiana com a camiseta &#8220;Apenas Ser Feliz&#8221;. Mais do que um simples item de moda, \u00e9 uma declara\u00e7\u00e3o constante de que a felicidade \u00e9 uma escolha. Fabricada com tecido de qualidade, proporciona n\u00e3o apenas conforto, mas tamb\u00e9m lembra que a alegria est\u00e1 sempre ao alcance. Esta camiseta \u00e9 um convite envolvente para abra\u00e7ar a positividade e iluminar cada momento com a decis\u00e3o de ser feliz. Invista em mais do que uma pe\u00e7a de roupa; invista em um lembrete di\u00e1rio do seu direito \u00e0 alegria. Adquira agora e vista-se para uma vida repleta de felicidade!<\/p>\n","protected":false},"excerpt":{"rendered":"<p>Envolva-se na exuber\u00e2ncia da alegria cotidiana com a camiseta &#8220;Apenas Ser Feliz&#8221;. Mais do que um simples item de moda, \u00e9 uma declara\u00e7\u00e3o constante de que a felicidade \u00e9 uma escolha. Fabricada com tecido de qualidade, proporciona n\u00e3o apenas conforto, mas tamb\u00e9m lembra que a alegria est\u00e1 sempre ao alcance. Esta camiseta \u00e9 um convite [&hellip;]<\/p>\n","protected":false},"featured_media":281,"comment_status":"open","ping_status":"closed","template":"","meta":{"om_disable_all_campaigns":false,"_monsterinsights_skip_tracking":false,"_monsterinsights_sitenote_active":false,"_monsterinsights_sitenote_note":"","_monsterinsights_sitenote_category":0},"product_brand":[],"product_cat":[19,33,29],"product_tag":[],"class_list":{"0":"post-280","1":"product","2":"type-product","3":"status-publish","4":"has-post-thumbnail","6":"product_cat-all","7":"product_cat-camiseta-feminina","8":"product_cat-produtos","10":"first","11":"instock","12":"taxable","13":"shipping-taxable","14":"purchasable","15":"product-type-variable"},"aioseo_notices":[],"jetpack_sharing_enabled":true,"_links":{"self":[{"href":"https:\/\/donfarley.com.br\/index.php?rest_route=\/wp\/v2\/product\/280","targetHints":{"allow":["GET"]}}],"collection":[{"href":"https:\/\/donfarley.com.br\/index.php?rest_route=\/wp\/v2\/product"}],"about":[{"href":"https:\/\/donfarley.com.br\/index.php?rest_route=\/wp\/v2\/types\/product"}],"replies":[{"embeddable":true,"href":"https:\/\/donfarley.com.br\/index.php?rest_route=%2Fwp%2Fv2%2Fcomments&post=280"}],"wp:featuredmedia":[{"embeddable":true,"href":"https:\/\/donfarley.com.br\/index.php?rest_route=\/wp\/v2\/media\/281"}],"wp:attachment":[{"href":"https:\/\/donfarley.com.br\/index.php?rest_route=%2Fwp%2Fv2%2Fmedia&parent=280"}],"wp:term":[{"taxonomy":"product_brand","embeddable":true,"href":"https:\/\/donfarley.com.br\/index.php?rest_route=%2Fwp%2Fv2%2Fproduct_brand&post=280"},{"taxonomy":"product_cat","embeddable":true,"href":"https:\/\/donfarley.com.br\/index.php?rest_route=%2Fwp%2Fv2%2Fproduct_cat&post=280"},{"taxonomy":"product_tag","embeddable":true,"href":"https:\/\/donfarley.com.br\/index.php?rest_route=%2Fwp%2Fv2%2Fproduct_tag&post=280"}],"curies":[{"name":"wp","href":"https:\/\/api.w.org\/{rel}","templated":true}]}}